. List the prime factors of b.
2, 37
Suppose 2*n + 9 = -10*d + 11*d, 0 = 5*n + 4*d + 55. What are the prime factors of n - -3 - (-2)/(2/411)?
11, 37
Suppose -c + 3*s - 321 = -4*c, 2*c - s - 199 = 0. Let p be (-35)/5*1 - -145. Suppose -5*j = -2*d - 112 - c, -2*d = 3*j - p. List the prime factors of j.
2, 11
Let k(l) = l**2 + 7*l + 15. Let q(t) be the second derivative of 7*t**5/10 + t**4/12 - 15*t. Let b be q(-1). List the prime factors of k(b).
3, 31
Suppose 138*o - 62*o - 62*o - 535178 = 0. What are the prime factors of o?
7, 43, 127
Suppose -4*f = x + 2000, -3*f - 4*x = f + 1988. Let d = 74 - f. What are the prime factors of d?
5, 23
Let t(f) = 7*f + 20 - 20*f**2 + 2*f**3 + 2*f**2 + 7*f**2 - 9*f**2. List the prime factors of t(10).
2, 3, 5
Let z = 97 - 95. Let q(i) = -10 - 6 - z*i - 5 - 27*i. What are the prime factors of q(-7)?
2, 7, 13
Let z = -85 - -70. Let f = z + 24. List the prime factors of 892/7 - f/21 - 0.
127
Suppose -139365 = -55*q + 76015. What are the prime factors of q?
2, 11, 89
Let r(q) = -33*q**3 - 3*q**2 - q + 1. Let l be (25/(-5))/5*1. Let n be r(l). Let t = n + 94. What are the prime factors of t?
2, 3, 7
Suppose -58*c = -17060 - 143194. What are the prime factors of c?
3, 307
Let s(j) = 414*j**3 + 8*j**2 + 6*j - 19. What are the prime factors of s(2)?
47, 71
Suppose -4*c = -8, 5*c + 109 = -2*l + l. Let y = 215 + -244. Let k = y - l. What are the prime factors of k?
2, 3, 5
Suppose -5*m + 180 = -3*k, -2*k = 3*m - 4*m + 120. Let d = 44 + k. Let j = d - -28. List the prime factors of j.
2, 3
Let q(y) = -2*y - 74 + 3*y + 4*y + 3*y. What are the prime factors of q(33)?
2, 5, 19
Let v be ((-90)/(-27))/(4/6). Suppose -3*c + 2*r = -2912, -c + v*r = 2*c - 2906. List the prime factors of c.
2, 3
Suppose 4*d - 8 = 0, 2*d = 3*m + d - 16. Suppose 5*x + 608 = m*x. List the prime factors of x.
2, 19
Let w be ((-10)/(-4) - 2)/((-13)/(-52)). Suppose 1048 = 4*j + w*g, 2*j + 2*g - 508 = 5*g. Suppose 105 + j = 5*k. What are the prime factors of k?
73
Let v(l) = 2*l**3 - 64*l**2 - l + 49. Let s be v(32). Suppose -f + 709 = 4*m, 16*f + m = s*f - 684. List the prime factors of f.
13, 53
Suppose 0 = k - 2, 0 = 5*x - 24*k + 26*k - 34. Suppose -x*b + 99 = -3*b. List the prime factors of b.
3, 11
Let k be (-24384)/(-512) - 1/(8/(-3)). Suppose 0 = 44*r - k*r + 6100. What are the prime factors of r?
5, 61
Let q(p) = 11*p - 149. Let f be q(26). Suppose -136*n - 816 = -f*n. What are the prime factors of n?
2, 3, 17
Suppose 12*w - 12 - 36 = 0. List the prime factors of -236*(-15)/100 + w/(-10).
5, 7
Let q(f) be the second derivative of f**4/6 + 5*f**3/2 + 6*f**2 - f. Suppose -4*j + 5*y - 44 = 0, 0 = -4*y - 12 - 4. List the prime factors of q(j).
2, 71
Let a = -37 + 34. Let q be 1 - (-15)/(-10)*2/a. Suppose -2*w - 75 = -q*i + 115, 2*w - 186 = -2*i. List the prime factors of i.
2, 47
Let r be 38/((-4)/(-1) - 2). Suppose -r = -4*w + 1. Suppose -3*n = 12, -416 = -3*o - w*n + 77. What are the prime factors of o?
3, 19
Let f = -106 - -49. Let c = 77 + f. Suppose r - c = -r + 5*z, 34 = 2*r + 2*z. What are the prime factors of r?
3, 5
Suppose -3*s + 0 = 3. Let d be (-16)/(-12)*(-6)/(-4) - s. Suppose -t - 2*k - d*k = -182, 0 = 2*t + 5*k - 339. What are the prime factors of t?
157
Let t(r) = -550*r - 1286. List the prime factors of t(-3).
2, 7, 13
Let i = -541 - -542. Let a(o) = 27*o**2 + 3*o + 3. Let y(l) = -1. Let d(j) = a(j) + 5*y(j). What are the prime factors of d(i)?
2, 7
Let q(z) be the third derivative of -26*z**4 - 4*z**3 - 18*z**2 - 6*z. List the prime factors of q(-1).
2, 3, 5
Let y(n) = 14 + 85*n**2 + 17*n**2 + 33*n**2 - 16 + 7. List the prime factors of y(-3).
2, 5, 61
Let o be 1/2*(-1065*4)/(-5). Let g = o - 142. List the prime factors of g.
2, 71
Suppose 0 = -2*a - 2*z - 60, -8 - 17 = -5*z. List the prime factors of (11960/7 - (-20)/a) + -2.
2, 853
Let w = 212 + 363. Suppose 2*a + a + 345 = -3*l, -3*l + w = -5*a. Let b = 273 + a. List the prime factors of b.
2, 79
Let u = 1028 - -690. List the prime factors of u.
2, 859
What are the prime factors of 1 + ((-185)/15 - -12 - (-112796)/6)?
2, 5, 47
Let m be (-8*3 + -4)/(-2). Suppose w + m*x - 11*x - 320 = 0, -2*x - 664 = -2*w. What are the prime factors of w?
7, 47
Suppose -74*d + 1278674 = 867650 - 1760802. List the prime factors of d.
3, 1087
Let y(v) = -8*v**3 + v**2 + 6*v - 2. Let i be y(-3). Suppose 196 = 3*a - 5*t - 0*t, 3*a - i = -4*t. Let g = -28 + a. List the prime factors of g.
3, 13
Suppose 2344809 + 260101 = 170*x. What are the prime factors of x?
7, 11, 199
Let k = 11 + -4. Suppose -11*i = -k*i - 8. Suppose -3*w + 467 + 64 = 5*j, -j + 109 = i*w. List the prime factors of j.
3, 5, 7
Let j(l) be the first derivative of l**3/3 - 3*l + 12. Let h be j(-6). Suppose 3*p + h = 150. What are the prime factors of p?
3, 13
Suppose 7*z - 108 = 109. Let b = -303 + z. Let u = b - -390. List the prime factors of u.
2, 59
Let a(l) = 2*l - 15. Let v be a(10). Suppose -v*q - 4*z = -280, 0*q - 2*q = 5*z - 95. What are the prime factors of q?
2, 3, 5
Suppose 0 = -2*z + 2*y + 534, 2*y + 2*y = 12. Suppose 0 = o - 3*w + 80, 8 = 2*w + 12. Let m = o + z. What are the prime factors of m?
2, 23
Let c be 1/((-68)/(-140) - (-2)/(-7)). Suppose c*a - 272 = -4*j, -3*a = 2*a - j - 257. Let t = a + -26. List the prime factors of t.
2, 13
Let k(s) = -47*s**3 + 13*s**2 - 31*s + 7. List the prime factors of k(-6).
11, 983
Let w(n) = -6*n - 4. Let x be w(0). Let z = 68 + -60. Let g = z - x. List the prime factors of g.
2, 3
Suppose -4*j - 12 = -b, -2*b = -5*b - 2*j + 8. Let r(p) = -b*p + 33*p - 6 + 0 - 5. What are the prime factors of r(2)?
47
Let v = 3788 - -2082. List the prime factors of (v/15)/(-4*(-4)/48).
2, 587
Let i(v) = v**3 + 8*v**2 + v + 2. Let t be i(-7). Let r = t - 35. Let p(k) = 3*k**2 - 24*k - 1. What are the prime factors of p(r)?
2, 13
Let j(s) = 3*s + 6. Let h be j(-7). Let c be ((-36)/5)/((h/250)/1). Suppose 0 = 2*z - c - 346. What are the prime factors of z?
233
Let l = 74 + 55. Let q = -55 + l. List the prime factors of (-6)/2*q/(-3).
2, 37
Suppose 6*w - w - m - 74262 = 0, 4*w = 3*m + 59414. List the prime factors of w.
2, 47, 79
Let u be 1740/13 - 6/(-39). Let x be (-1095)/(-25) - 2/(-10). Suppose 0 = -3*l + u - x. What are the prime factors of l?
2, 3, 5
List the prime factors of (-4)/172 - (-173262285)/2709.
2, 113, 283
Let m(c) be the first derivative of c**4/4 - 13*c**3/3 + 11*c**2/2 - c + 51. What are the prime factors of m(13)?
2, 71
Let v(f) = f**2 - 11*f - 79. Let d = 121 + -102. List the prime factors of v(d).
73
Suppose -188*d + 3106899 + 7925813 = 386648. What are the prime factors of d?
2, 3, 11, 13
Let o = 2780 + 1287. Suppose 5*p - 12*p = -o. What are the prime factors of p?
7, 83
Let z be (3 - (3 - 844))*-1. Let d = z - -1752. List the prime factors of d.
2, 227
Let z = -11249 - -33931. Suppose -18*o + z = 1010. List the prime factors of o.
2, 7, 43
Suppose 3*q = -2*q, 0 = 3*z - q - 9. List the prime factors of (6 - -355) + -4 + z.
2, 3, 5
Suppose 0*g + 24 = 3*z - 3*g, 2*g = 5*z - 46. What are the prime factors of (0 + z)/(74/333)?
3, 5
List the prime factors of 180/(-14) + 12 + (-152835)/(-21).
19, 383
Suppose 10957675 = 586*l - 16729653. List the prime factors of l.
2, 2953
Let o(q) = 435*q**2 - 1. Let g be 7/4 + (105/20 - 6). What are the prime factors of o(g)?
2, 7, 31
Let o be (-2 - (-2 - 27))*(-13)/(-39). Let h(w) = -o*w - 10 + w + 41. What are the prime factors of h(-5)?
71
Suppose 7*o + 30 = 9*o. Suppose 4*t + 924 = o*t. Let s = t + -67. What are the prime factors of s?
17
Let y = 60 - 55. Suppose -y*m = -9*m + 672. Suppose -v - 2*v + m = 0. List the prime factors of v.
2, 7
Let d be 12/(7/2128*6). Let q = 1430 - d. List the prime factors of q.
2, 3, 137
Suppose -55989 = -6*b + 27195. List the prime factors of b.
2, 1733
Let w(f) = 18*f**2 - 52*f + 276. What are the prime factors of w(-11)?
2, 17, 89
Let f(b) = 188*b - 34. Let x(q) = 189*q - 32. Let h(l) = 3*f(l) - 4*x(l). What are the prime factors of h(-5)?
2, 17, 29
Let v(j) = -2360*j + 396. List the prime factors of v(-3).
2, 3, 7, 89
Suppose 56*r = 440084 + 51036. What are the prime factors of r?
2, 5, 877
Suppose -4*d = 8*t - 153012, 28616 + 9651 = 2*t + 3*d. What are the prime factors of t?
13, 1471
Let x be ((-7)/21)/